ded by 17?
7
Calculate the remainder when 869663 is divided by 33448.
15
Calculate the remainder when 2751510 is divided by 33968.
102
What is the remainder when 123401679 is divided by 499?
476
Calculate the remainder when 76074 is divided by 12645.
204
Calculate the remainder when 82343539 is divided by 41171745.
49
Calculate the remainder when 54839 is divided by 2376.
191
What is the remainder when 225631 is divided by 9803?
162
Calculate the remainder when 103035368 is divided by 14719338.
2
Calculate the remainder when 1162055 is divided by 235.
215
What is the remainder when 203701 is divided by 1414?
85
What is the remainder when 126171 is divided by 1618?
1585
What is the remainder when 64744 is divided by 332?
4
What is the remainder when 26827910 is divided by 8942631?
17
What is the remainder when 449001 is divided by 1508?
1125
What is the remainder when 267184 is divided by 15689?
471
Calculate the remainder when 5872118 is divided by 1718.
1712
What is the remainder when 2192932 is divided by 2738?
2532
What is the remainder when 39942531 is divided by 39942521?
10
Calculate the remainder when 11366515 is divided by 316.
311
What is the remainder when 9494180 is divided by 248?
244
Calculate the remainder when 70352258 is divided by 1595.
1593
Calculate the remainder when 28246 is divided by 1572.
1522
Calculate the remainder when 75437 is divided by 15080.
37
What is the remainder when 130466353 is divided by 102?
91
What is the remainder when 52813 is divided by 5559?
2782
Calculate the remainder when 167289185 is divided by 482.
481
What is the remainder when 4058574 is divided by 1014513?
522
Calculate the remainder when 161270 is divided by 6411.
995
What is the remainder when 2381261 is divided by 595292?
93
Calculate the remainder when 103111 is divided by 720.
151
What is the remainder when 5958713 is divided by 186?
17
What is the remainder when 5227154 is divided by 746736?
2
What is the remainder when 116656 is divided by 58290?
76
Calculate the remainder when 5041445 is divided by 1167.
5
Calculate the remainder when 1968972 is divided by 3360.
12
Calculate the remainder when 10186 is divided by 2894.
1504
Calculate the remainder when 37771152 is divided by 83.
10
Calculate the remainder when 190143 is divided by 3727.
66
What is the remainder when 76456 is divided by 490?
16
Calculate the remainder when 160224 is divided by 7566.
1338
What is the remainder when 2157652 is divided by 1076?
272
Calculate the remainder when 2733017 is divided by 5.
2
Calculate the remainder when 1704730 is divided by 5571.
4
Calculate the remainder when 20293481 is divided by 12314.
9
What is the remainder when 35730602 is divided by 2382038?
32
What is the remainder when 143299 is divided by 20456?
107
Calculate the remainder when 213737704 is divided by 42.
40
What is the remainder when 93480 is divided by 341?
46
What is the remainder when 2500335 is divided by 1250076?
183
What is the remainder when 5456518 is divided by 2617?
73
What is the remainder when 547596 is divided by 821?
810
What is the remainder when 98381 is divided by 1876?
829
What is the remainder when 2028924 is divided by 1077?
933
What is the remainder when 272152 is divided by 66319?
6876
What is the remainder when 722840 is divided by 1867?
311
What is the remainder when 2721308 is divided by 3?
2
What is the remainder when 95655 is divided by 73?
25
What is the remainder when 138281 is divided by 329?
101
Calculate the remainder when 1936660 is divided by 29.
11
What is the remainder when 5072310 is divided by 3?
0
What is the remainder when 5708452 is divided by 15182?
20
What is the remainder when 5930757 is divided by 6316?
33
Calculate the remainder when 1382884 is divided by 1382468.
416
Calculate the remainder when 29674902 is divided by 72.
30
Calculate the remainder when 219879 is divided by 1539.
1341
Calculate the remainder when 2444706 is divided by 42.
12
What is the remainder when 1322430 is divided by 28746?
114
Calculate the remainder when 17222 is divided by 362.
208
Calculate the remainder when 3883423 is divided by 1294434.
121
What is the remainder when 243504 is divided by 784?
464
What is the remainder when 272329 is divided by 2672?
2457
Calculate the remainder when 1157936 is divided by 50.
36
What is the remainder when 462846 is divided by 57854?
14
Calculate the remainder when 225231 is divided by 568.
303
What is the remainder when 362077 is divided by 284?
261
What is the remainder when 211759703 is divided by 24?
23
What is the remainder when 49555692 is divided by 239?
237
What is the remainder when 1971195 is divided by 603?
591
What is the remainder when 11254318 is divided by 280?
278
Calculate the remainder when 59657 is divided by 44.
37
Calculate the remainder when 1319073 is divided by 19117.
0
Calculate the remainder when 18792128 is divided by 10.
8
What is the remainder when 16832328 is divided by 141?
30
What is the remainder when 9721600 is divided by 66?
64
What is the remainder when 2694622 is divided by 4152?
4126
Calculate the remainder when 1514917 is divided by 206.
199
Calculate the remainder when 65488222 is divided by 5.
2
What is the remainder when 4251923 is divided by 35?
18
Calculate the remainder when 10807235 is divided by 41.
4
Calculate the remainder when 2070242 is divided by 573.
566
What is the remainder when 4726348 is divided by 168795?
88
What is the remainder when 1172225 is divided by 54?
47
Calculate the remainder when 645074 is divided by 23038.
10
Calculate the remainder when 455389 is divided by 5764.
33
What is the remainder when 22031911 is divided by 397?
396
What is the remainder when 1429761 is divided by 8991?
192
What is the remainder when 121897 is divided by 38?
31
Calculate the remainder when 44257283 is divided by 20480.
3
Calculate the remainder when 517142 is divided by 255331.
6480
What is the remainder when 415369 is divided by 83034?
199
Calculate the remainder when 450377 is divided by 7765.
7
Calculate the remainder when 107995 is divided by 2054.
1187
Calculate the remainder when 31996 is divided by 31518.
478
Calculate the remainder when 26032233 is divided by 260322.
33
Calculate the remainder when 12247124 is divided by 59.
22
What is the remainder when 76150 is divided by 76135?
15
Calculate the remainder when 19252621 is divided by 13.
11
What is the remainder when 10133228 is divided by 699?
524
Calculate the remainder when 1134931 is divided by 5942.
9
Calculate the remainder when 7427904 is divided by 5705.
5699
Calculate the remainder when 4552695 is divided by 1517465.
300
Calculate the remainder when 4336410 is divided by 488.
42
What is the remainder when 910669 is divided by 227410?
1029
What is the remainder when 720410 is divided by 540?
50
What is the remainder when 13546909 is divided by 329?
5
Calculate the remainder when 1888275 is divided by 19519.
14451
Calculate the remainder when 60613402 is divided by 8659053.
31
What is the remainder when 573826 is divided by 54?
22
What is the remainder when 370744 is divided by 6504?
16
What is the remainder when 129016067 is divided by 2749?
2748
Calculate the remainder when 12889629 is divided by 12889620.
9
Calculate the remainder when 3740688 is divided by 1731.
1728
What is the remainder when 2211822 is divided by 73726?
42
Calculate the remainder when 5564518 is divided by 26.
24
What is the remainder when 3402971 is divided by 1701483?
5
What is the remainder when 6908996 is divided by 1654?
238
What is the remainder when 3814205 is divided by 2206?
31
Calculate the remainder when 136069 is divided by 97.
75
Calculate the remainder when 648596 is divided by 149.
148
Calculate the remainder when 27477308 is divided by 1030.
1028
Calculate the remainder when 41688 is divided by 1532.
324
What is the remainder when 1301527 is divided by 185908?
171
Calculate the remainder when 3718748 is divided by 6389.
350
Calculate the remainder when 1045025 is divided by 1899.
575
What is the remainder when 10081764 is divided by 1120194?
18
Calculate the remainder when 507184 is divided by 105.
34
What is the remainder when 2106196 is divided by 1198?
112
What is the remainder when 52082 is divided by 1998?
134
Calc